 3 - (12 - (5 + 11 + -8))?
-10
What is (-1 - (-2 + 0)) + 22 + -15?
8
Evaluate 6 - (-42 - -51) - -4.
1
What is the value of 25 + -20 - 0 - (-20 + 0)?
25
Calculate -75 + 36 + 60 - (-1 + 17).
5
What is the value of -2 - -22 - (11 - 2) - -8 - -4?
23
What is 1 + 0 + -6 + -1149 + 1153?
-1
Calculate 24 + -24 + -4 + 0 - (33 - 30).
-7
What is -3 + (7 - 14 - -3) - (6 - 3)?
-10
1 + (-19 + 21 - (9 + 2))
-8
What is 300 + -285 + -31 + 0?
-16
654 + -675 + (-11 - -2 - 1)
-31
What is the value of 12 - (-15 - (19 + -20) - -26)?
0
What is the value of (-41 - -20) + 18 + (-1 - -10)?
6
Calculate 18 - (18 + 3 - 15).
12
Evaluate (-36 + 38 - (2 + (7 - 1))) + -3.
-9
What is the value of 10 - (4 + -3) - (37 + -45)?
17
What is (-14 - 5) + 9 + -3 + 5 + -11?
-19
Evaluate (205 - 169) + 3 + -33.
6
What is 5 - -3 - (1 + (-4 - 0))?
11
What is the value of -20 + -16 + (22 - -7)?
-7
-1 + 4 + -4 + -4 + 5 - 2
-2
Calculate -2155 - -2133 - (-11 + 0 + 1).
-12
Calculate 26 - 18 - (-16 + 47).
-23
Calculate -11 + (-1 - -10) + (6 - 3 - -22).
23
What is -2 + -17 + -71 + 83 + -5?
-12
(-7 - -4) + 12 + -35
-26
What is the value of -12 + (17 - -10) + -7?
8
Evaluate (0 - 6) + (2 - -5) + -11 + 5.
-5
10 - (-15 + (3 - 3))
25
Calculate (-2 - (5 + -4) - (7 + -4)) + -5.
-11
Evaluate -7 - (4 + -3 - (-11 - -6 - -5)).
-8
What is -1 + -1 + -103 + 93 + (10 - -1)?
-1
Evaluate (-12 - 10) + 15 - 1.
-8
What is 3 + (1 - (-1 + -1) - 5)?
1
Calculate (0 - -1 - (1 - -2)) + -31 + 30.
-3
113 + -109 + (-1 - -1)
4
Evaluate -17 - (1 + -2) - (-17 + 9 - 1).
-7
Calculate (22 - (0 + -2)) + (-2 - 7).
15
What is the value of 0 + -2 - 4 - (-24 + 1 + 0)?
17
4 + -11 + (7 - 21) + (-5 - -1)
-25
-1 + -2 - (250 - 229)
-24
What is the value of (0 + 0 - -5 - 12 - 0) + -2?
-9
(-4 - 7 - -9 - -16) + -16
-2
What is (4 - 8) + (10 - 12)?
-6
What is the value of (3 - (4 + 5 - (21 - -2))) + 8?
25
(-7 + 25 + -14 - -3) + 5
12
Calculate -2 + (-9 - -1) + (21 - 16).
-5
What is 12 - 17 - (0 + 6)?
-11
What is the value of 8 - (0 + -2) - (61 + -133 + 69)?
13
-22 + 2 + (-203 - -208)
-15
1 + -18 - (-10 + -6 + 8)
-9
What is the value of (14 - (-12 + 43)) + 22?
5
Evaluate -45 + 50 - (1 + 32).
-28
28 - (27 + 5 - -22)
-26
20 - (-2 - (-34 - -25))
13
Calculate -71 + (125 - 52) + (36 - -1).
39
Calculate (31 - 26 - (-1 - 10)) + -11.
5
Evaluate -4 + -1 + (-8 - (-10 + -5 + 2)).
0
-1 + -1 - ((21 - 18) + (7 - -1))
-13
What is the value of 1 - (1 + -2) - (4 - -1 - -2)?
-5
Calculate -9 - 2 - (407 - 441).
23
(-8 - 13) + 17 - (-2 - 4)
2
Calculate 6 - (-1 + 7 + -1 + 6) - -10.
5
What is -2 + 10 + -2 - 15 - (-34 - 0)?
25
What is the value of 2 - (-9 - (8 + -14))?
5
((-2 - 2) + 4 - -8) + 2
10
Calculate -1 + (-3 - 2) + (15 - 6).
3
What is the value of 1 + -1 - (-2 - (14 - (17 - 6)))?
5
3 - (-7 + 3) - (27 + -41)
21
What is (-5 - (-4 + 16 + -16 + 9)) + -4?
-14
Calculate 8 + -84 - (-14 + -27).
-35
What is 8 + (-28 + 33 - (10 + 0))?
3
Evaluate (11 - 5) + (-13 - 1).
-8
7 + (3 + -26 - 5) - (12 - 10)
-23
2 + -3 - (-5 + 1) - (-45 - -50)
-2
Evaluate (5 + 6 - -4) + 0 + 1 + -5.
11
Calculate 9 + 0 - (-16 + 18 + -5 + -4).
16
Evaluate (0 - 4) + 6 - (-4 + 17 - -3).
-14
What is the value of -9 + -4 + (58 - 68)?
-23
Evaluate -32 + (-143 - -146) + (-1 - -5).
-25
(-13 - (-26 - -47)) + 8 + -2
-28
What is the value of (-1 - 2) + (-17 - (-19 - -12)) + 11?
-2
Evaluate (2 - 17) + (8 - (-18 + 30) - -14).
-5
Evaluate -3 + -16 + 8 + -31 + 27.
-15
-35 + (35 - -13) + -20
-7
Calculate 10 + (-2 + -7 - -13) + 0.
14
What is 14 + 3 - (-15 + -28 - -40)?
20
Calculate (0 - -4) + (-11 - (-7 - -8)) + 12.
4
What is the value of 58 - 53 - (20 - 5 - (-1 - 2))?
-13
What is 5 - (-2 - (3 - (11 - 6 - -1)))?
4
What is (-44 - -31) + -5 + 4?
-14
What is the value of -7 - (31 + -28) - (-1 - 26)?
17
Calculate 25 + (25 - 20) + -38.
-8
What is (0 - 18) + (21 - 32)?
-29
Evaluate 8 - (39 + -44 + 3 + -3).
13
Calculate -12 + 16 - (-7 - (3 - 4)).
10
-7 + 6 + 5 + -7 + 5
2
What is the value of 19 + -13 - (-4 - (-2 - 7))?
1
Calculate (3 - -13) + -11 + 3.
8
-9 + -5 + -18 + 28
-4
-2 + 3 - 9 - -22
14
What is the value of (28 - 20) + 3 + -5 - 4?
2
Calculate 23 + (7 - 35) - (1 - -8) - 11.
-25
Evaluate -10 - (4 + -18 + 13).
-9
Evaluate 1 + -1 + -2 - (-37 + -8 + 30).
13
Evaluate 7 + 1 + 3 + 9 + -8.
12
-15 + -12 + 14 - (-10 + -25)
22
-1 - 3 - (4 + -3 + 15 + -15)
-5
Evaluate 1 + -20 + (-42 - -39).
-22
What is -10 + (14 - 6) - (1 + -9)?
6
What is the value of 31 + -10 + -2 + (-23 - -14)?
10
Evaluate (-14 - (1 + -31) - 12) + 18.
22
Calculate -70 + -8 + 50 - (-6 - 0).
-22
What is -24 - (-10 + 37) - (-11 - 6)?
-34
Evaluate -15 + (-4 - -17) + -8.
-10
Calculate 3 + (0 + 1 - (-5 + 0 - -3)).
6
What is the value of 7 + (-13 - -4) - 10 - -4?
-8
Calculate -1 + (-10 + 19 - 0) - -10.
18
What is (-2 - 10) + (-109 - -119) - 17?
-19
What is (0 - 1) + 5 + 4 + -12 + 6?
2
Evaluate -7 - 1 - (-145 - -147).
-10
What is -7 + 6 + (1 - 8) - -2 - -3?
-3
Calculate -14 - (12 - ((11 - -2) + 0 + -9)).
-22
-5 - (8 + 19 + -26)
-6
Evaluate (-17 + -2 - (-10 + 2 + 2)) + -9.
-22
Calculate 7 + -3 + (21 - 35) + 49.
39
What is (2 - (-2 + 2)) + (-25 - (-16 + 10))?
-17
(13 - 3) + (1 + -4 - (-1 - 2))
10
-1 + (31 - (-4 - -10))
24
Calculate (13 - 28 - -6) + 6.
-3
Evaluate (4 + 15 - 16 - 18) + 6.
-9
What is the value of 2 + -18 - (-5 + (-32 - -22))?
-1
-18 - (0 - (-4 - -26))
4
What is the value of -1 + 1 - (-18 + 8 + 14)?
-4
-38 + (61 - -9) + -42
-10
What is -19 - (-24 + -1 + 1)?
5
Evaluate (-19 + 32 - (-1 - 0)) + 0.
14
-6 + (14 - 14) + 7
1
What is 6 + -17 + 6 + -7 - -6?
-6
What is 7 - (-10 - (8 + -6 - 9 - 2))?
8
What is -2 + 7 + 0 - (-12 - -51 - 46)?
12
Evaluate 5 + 10 + (-22 - (-11 - -4)).
0
What is the value of 15 + (1 - 6 - -24)?
34
What is the value of (4 + 0 + -18 - (1 - 7)) + 30?
22
Evaluate -26 - (29 - 51) - (-31 + 2).
25
(1 - -9) + 33 + -33 + -2
8
-16 - (11 + 40 - 43)
-24
-1 - (-55 - (-5 + -28))
21
What is the value of -1 + -6 + 0 + -3 + (3 - 0)?
-7
Evaluate -34 + 23 + 9 + -1 + -7.
-10
What is -148 + 143 - (1 + -11)?
5
What is (838 - 855) + 10 + 2 + -1?
-6
What is the value of -10 - (-31 - (-47 - -13))?
-13
What is the value of 49 + 7 - 37 - (1 + -15)?
33
What is 2 + -10 + 1 + 11 - 16?
-12
What is the value of -24 + 4 + 3 + 8?
-9
12 + 7 + 2 + (-13 - 6) + 15
17
What is 19 + (-8 - (17 + -2))?
-4
40 - 78 - -6 - 3
-35
Evaluate (22 - 17 - 13) + 14 + -1.
5
Evaluate -14 + 1 + 5 - (-8 + 18 + -38).
20
Evaluate 23 + -3 + -10 + 17 + -8 + 1.
20
What is the value of 29 + -11 + (1 - 3 - (1 - 1))?
16
Evaluate (0 - 6 - (24 - 64)) + -14.
20
Calculate 4 + 21 + (-14 - (1 - 5)).
15
3 + -1 + (-164 - -172)
10
What is the value of 8 - (13 - 8 - 7)?
10
What is the value of 4 - -1 - ((24 - (15 - 1)) + -9)?
4
Calculate -201 - -201 - (0 - -18).
-18
Evaluate (-56 + 50 - (-1 + 1)) + (-30 - -21).
-15
What is the value of -5 + -1 + 19 + (0 - -10)?
23
Calculate -11 + -55 + 46 + 47.
27
What is the value of 22 - (29 + -5 + -10)?
8
Calculate -13 - (-14 - 13) - 31 - 11.
-28
Evaluate -25 + (13 - 4) + 33.
17
What is the value of (-27 + 22 - 39) + 12 + -4 + 4?
-32
Evaluate -55 + 54 + (3 - 2) - (2 - 6).
4
(-26 - -61 - -4) + -36
3
Evaluate (0 - (-4 + 7 + (-4 - 2))) + -5.
-2
Evaluate (4 - 2 - 23) + (-31 - -39).
-13
Evaluate (19 - 6 - (24 + -1)) + 22.
12
Calculate -13 - ((3 - 9) + 9) - -9.
-7
Calculate -1 + -11 + 0 + -27 + 51 + 21.
33
7 - -18 - (33 + -11)
3
What is 105 + -108 - (1 + -1 + -7)?
4
What is the value of (3 - -52) + 69 + -110?
14
Evaluate (-2 + -10 - -8) + (0 - 1).
-5
What is -10 + 4 + 0 + 8 - 2?
0
What is -20 + -2 - ((1 - -8) + (1 - 16))?
-16
Evaluate 40 + -17 + 18 + -24.
17
Evaluate (0 + -25 - -4) + -36 + 30.
-27
Calculate -11 + (1 - -6) + (-2 + 6 - 3).
-3
-3 - (-17 + 30 + -1)
-15
What is the value of 1 + -9 - (1 - 19) - -18?
28
(-6 - (-1 - -1)) + -1 - (-4 - -7)
-10
(-36 + (-14 - -32) - -1) + 35
18
Evaluate (12 - (26 + -11)) + -13.
-16
What is 2 + -5 + 15 - (22 - 30)?
20
What is (2 - (-4 + 3) - 10) + (-1 - -7)?
-1
Evaluate (29 - 44) + 41 + -33.
-7
What is the value of -36 - (22 + -13 - 23)?
-22
(0 - 7) + 0 + -1 + 19
11
(0 - (-2 - -8 - -2)) + (5 - -3)
0
What is the value of -27 - (0 + -1) - (-29 + (35 - 4))?
-28
Calculate -6 + -2 + (0 + 5 - -6) - -7.
10
Evaluate -3 + -2 + (2 - -10 - 3) - -2.
6
What is 16 + 4 + -6 + (5 - -7 - 14)?
12
(9 - 2) + (13 + -21 - -11)
10
What is 24 + -17 + -13 + 0 + 25 + -20